{"id":1053,"date":"2021-04-24T12:12:45","date_gmt":"2021-04-24T12:12:45","guid":{"rendered":"http:\/\/nuitblanche.be\/WordPress3\/?post_type=product&#038;p=1053"},"modified":"2021-06-01T13:57:19","modified_gmt":"2021-06-01T13:57:19","slug":"briteq","status":"publish","type":"product","link":"https:\/\/nuitblanche.be\/?product=briteq","title":{"rendered":"Briteq-Lumi\u00e9re"},"content":{"rendered":"<div class=\"page-title\">\n<p>Fabricant belge de materiel de lumi\u00e8re et accessoires :<\/p>\n<ul>\n<li>\u00e9clairage d&rsquo;achitecture, de theatre, de spectacle (moving head spot\/wash, Beam), projecteurs.<\/li>\n<li>c\u00e2blages &amp; connectiques<\/li>\n<li>Machines a effets (fazer, hazer, fum\u00e9e, neige)<\/li>\n<li>Flightcase<\/li>\n<li>Pieds et structures.<\/li>\n<\/ul>\n<p><span style=\"font-size: 18px;\">La marque Briteq rend <\/span><span style=\"font-size: 18px;\">en 2008 l&rsquo;\u00e9clairage professionnel haut de gamme accessible \u00e0 un public plus large sous la nouvelle marque Briteq !<\/span><\/p>\n<\/div>\n<div class=\"std\">\n<p>Le d\u00e9veloppement des produits qui se fait en Belgique, met l&rsquo;accent sur le confort d\u2019utilisation et la fiabilit\u00e9. Chaque application a ses besoins sp\u00e9cifiques, et c&rsquo;est exactement cela que nos ing\u00e9nieurs ont \u00e0 l&rsquo;esprit quand ils travaillent sur un nouveau produit ou concept .<\/p>\n<p>Pour r\u00e9pondre aux besoins de l&rsquo;utilisateur, Briteq s\u2019investit intensivement dans la recherche sur le terrain. Leurs solutions cl\u00e9s sont le fruit d\u2019une coop\u00e9ration \u00e9troite avec des r\u00e9gisseurs lumi\u00e8re de renomm\u00e9e internationale et d\u2019organisateurs d\u2019\u00e9v\u00e9nements. Les utilisateurs professionnels appr\u00e9cieront les fonctionnalit\u00e9s et la compatibilit\u00e9, tandis que les utilisateurs moins exp\u00e9riment\u00e9s appr\u00e9cieront la facilit\u00e9 d\u2019emploi.<\/p>\n<p>Soutenu par une \u00e9quipe qualifi\u00e9e, multilingue en plein centre de l&rsquo;Europe, Briteq est votre meilleur partenaire pour tous vos projets d\u2019\u00e9clairage professionnel haut de gamme. Notre \u00e9quipe, form\u00e9e par l&rsquo;exp\u00e9rience sur le terrain, est reconnue pour son efficacit\u00e9 et sa r\u00e9activit\u00e9. Aucune question sans r\u00e9ponse, pas de probl\u00e8me sans solution !<\/p>\n<p>Notre service apr\u00e8s vente est un mod\u00e8le de r\u00f4le pour l&rsquo;entreprise depuis ses d\u00e9buts.<\/p>\n<p>Briteq est utilis\u00e9 pour \u00e9clairer quelques-uns des monuments les plus renomm\u00e9s au monde et a \u00e9t\u00e9 rep\u00e9r\u00e9 sur de nombreux \u00e9v\u00e9nements de grande envergure.<\/p>\n<\/div>\n","protected":false},"excerpt":{"rendered":"<p>Fabricant belge de materiel de lumi\u00e8re et accessoires : \u00e9clairage d&rsquo;achitecture, de theatre, de spectacle (moving head spot\/wash, Beam), projecteurs. c\u00e2blages &amp; connectiques Machines a effets (fazer, hazer, fum\u00e9e, neige) Flightcase Pieds et structures. La marque Briteq rend en 2008 l&rsquo;\u00e9clairage professionnel haut de gamme accessible \u00e0 un public plus [&hellip;]<\/p>\n","protected":false},"featured_media":528,"template":"","meta":{"om_disable_all_campaigns":false,"_monsterinsights_skip_tracking":false,"_monsterinsights_sitenote_active":false,"_monsterinsights_sitenote_note":"","_monsterinsights_sitenote_category":0},"product_cat":[36,41],"product_tag":[],"class_list":{"0":"post-1053","1":"product","2":"type-product","3":"status-publish","4":"has-post-thumbnail","6":"product_cat-vente","7":"product_cat-lumiere-vente","9":"first","10":"instock","11":"taxable","12":"shipping-taxable","13":"product-type-external"},"aioseo_notices":[],"jetpack_sharing_enabled":true,"_links":{"self":[{"href":"https:\/\/nuitblanche.be\/index.php?rest_route=\/wp\/v2\/product\/1053","targetHints":{"allow":["GET"]}}],"collection":[{"href":"https:\/\/nuitblanche.be\/index.php?rest_route=\/wp\/v2\/product"}],"about":[{"href":"https:\/\/nuitblanche.be\/index.php?rest_route=\/wp\/v2\/types\/product"}],"wp:featuredmedia":[{"embeddable":true,"href":"https:\/\/nuitblanche.be\/index.php?rest_route=\/wp\/v2\/media\/528"}],"wp:attachment":[{"href":"https:\/\/nuitblanche.be\/index.php?rest_route=%2Fwp%2Fv2%2Fmedia&parent=1053"}],"wp:term":[{"taxonomy":"product_cat","embeddable":true,"href":"https:\/\/nuitblanche.be\/index.php?rest_route=%2Fwp%2Fv2%2Fproduct_cat&post=1053"},{"taxonomy":"product_tag","embeddable":true,"href":"https:\/\/nuitblanche.be\/index.php?rest_route=%2Fwp%2Fv2%2Fproduct_tag&post=1053"}],"curies":[{"name":"wp","href":"https:\/\/api.w.org\/{rel}","templated":true}]}}