{"id":23,"date":"2019-06-13T12:10:46","date_gmt":"2019-06-13T12:10:46","guid":{"rendered":"http:\/\/nuitblanche.be\/WordPress3\/?page_id=23"},"modified":"2021-05-11T21:05:47","modified_gmt":"2021-05-11T21:05:47","slug":"references","status":"publish","type":"page","link":"https:\/\/nuitblanche.be\/?page_id=23","title":{"rendered":"References"},"content":{"rendered":"<ul class=\"wp-block-list\"><li>M\u00e9tropole H\u00f4tel<\/li><li> Brussels Marriott H\u00f4tel <\/li><li> H\u00f4tel Brussels Barsey <\/li><li> Le Palais Plume <\/li><li> La Manufacture <\/li><li> La Table de l\u2019Abbaye <\/li><li> Chateau de la rocq <\/li><li> Chateau St Anne <\/li><li> Grand Caf\u00e9 <\/li><li> La Pomme <\/li><li>El Momento <\/li><li>Zebrano <\/li><li> P&rsquo;tit Os (Jette) <\/li><li> Biennale Internationale de la Dentelle<\/li><li> Xerox<\/li><li> Banque de New-York  c\/o Id\u00e9e Fixe <\/li><li> Reed &amp; Mackay  <\/li><li> Dexia c\/o ANTS <\/li><li> Mobistar c\/o Id\u00e9e fixe<\/li><li> New model agency <\/li><li> GDB c\/o Projuice  <\/li><li> Ola c\/o Momentum<\/li><li> PS c\/o Profirst <\/li><li> svv-bvba c\/o Bardaff <\/li><li> Elia   <\/li><li> Winner\u2019s <\/li><li> Speos   <\/li><li> Rail Gourmet belgium<\/li><li> HMC-besttours<\/li><li> Dolce Vita sprl <\/li><li> Esquisse Theatre<\/li><li> cc Le Fourquet <\/li><li> Page inextremis<\/li><li> Gospel  <\/li><li> Morris &amp; Chapman Belgium Sprl <\/li><li> Raf System <\/li><li> IFPME <\/li><li> ligue francophone de Football en salle <\/li><li> MAX HAVELAAR<\/li><li> Stagiaire de la CEE  <\/li><li> Massala asbl <\/li><li> Forest Domaine <\/li><li>Facult\u00e9s Universitaires SAINT-LOUIS <\/li><li>Stressdabass<\/li><li> Profirst <\/li><li> Momentum <\/li><li> ProJuice   <\/li><li> Cr\u00e9-Action S.A <\/li><li> Kiube Events <\/li><li> Id\u00e9e fixe<\/li><li> Hermes Production<\/li><li> Eventattitude <\/li><li> ANTS<\/li><li> Bouvy  <\/li><li> Fortis AG \/ C\/o Fortis Real Estate <\/li><li> Moda 54sprl<\/li><li> Sa St Honore Diffusions <\/li><li> Michel Lejeune <\/li><li> Boutique Fydjy&rsquo;s<\/li><li> Michel Fran\u00e7ois <\/li><li> Commune de Woluwe Saint Lambert <\/li><li> Commune de Ganshoren<\/li><li> Commune de Watermal Boisfort <\/li><li> Commune de Waterloo <\/li><li>Commune de Ixelles<\/li><li>Commune de Berchem Sainte Agathe<\/li><li>Commune de Koekelberg <\/li><li> Zineke Parade c\/o Centre culturel d&rsquo;Etterbeek asbl<\/li><li> NuitBlanche c\/o Centre d&rsquo;entreprises DANSAERT  <\/li><li> Recyclart ASBL<\/li><li> ISND <\/li><li>Le Mirano \/\/Moda Concept<\/li><li>\u00ab\u00a0Chez Johnny\u00a0\u00bb<\/li><li>Le Claridge \/\/ Line Invest SA<\/li><li>14\/15 aout \u00e0 Ittre<\/li><li>K Comme Communication SPRL<\/li><\/ul>","protected":false},"excerpt":{"rendered":"<p>M\u00e9tropole H\u00f4tel Brussels Marriott H\u00f4tel H\u00f4tel Brussels Barsey Le Palais Plume La Manufacture La Table de l\u2019Abbaye Chateau de la rocq Chateau St Anne Grand Caf\u00e9 La Pomme El Momento Zebrano P&rsquo;tit Os (Jette) Biennale Internationale de la Dentelle Xerox Banque de New-York c\/o Id\u00e9e Fixe Reed &amp; Mackay Dexia [&hellip;]<\/p>\n","protected":false},"author":1,"featured_media":0,"parent":0,"menu_order":0,"comment_status":"closed","ping_status":"closed","template":"","meta":{"om_disable_all_campaigns":false,"_monsterinsights_skip_tracking":false,"_monsterinsights_sitenote_active":false,"_monsterinsights_sitenote_note":"","_monsterinsights_sitenote_category":0,"footnotes":""},"class_list":["post-23","page","type-page","status-publish","hentry"],"aioseo_notices":[],"jetpack_sharing_enabled":true,"_links":{"self":[{"href":"https:\/\/nuitblanche.be\/index.php?rest_route=\/wp\/v2\/pages\/23","targetHints":{"allow":["GET"]}}],"collection":[{"href":"https:\/\/nuitblanche.be\/index.php?rest_route=\/wp\/v2\/pages"}],"about":[{"href":"https:\/\/nuitblanche.be\/index.php?rest_route=\/wp\/v2\/types\/page"}],"author":[{"embeddable":true,"href":"https:\/\/nuitblanche.be\/index.php?rest_route=\/wp\/v2\/users\/1"}],"replies":[{"embeddable":true,"href":"https:\/\/nuitblanche.be\/index.php?rest_route=%2Fwp%2Fv2%2Fcomments&post=23"}],"version-history":[{"count":3,"href":"https:\/\/nuitblanche.be\/index.php?rest_route=\/wp\/v2\/pages\/23\/revisions"}],"predecessor-version":[{"id":1400,"href":"https:\/\/nuitblanche.be\/index.php?rest_route=\/wp\/v2\/pages\/23\/revisions\/1400"}],"wp:attachment":[{"href":"https:\/\/nuitblanche.be\/index.php?rest_route=%2Fwp%2Fv2%2Fmedia&parent=23"}],"curies":[{"name":"wp","href":"https:\/\/api.w.org\/{rel}","templated":true}]}}